se 5*x - 712 = l, 9 = 2*x + 4*l - 267. What is the greatest common divisor of x and 142?
142
Let n be (-4)/4 - 2*-2. Suppose 4*p + 4*k - 18 = 22, -p + n*k + 2 = 0. Suppose 5*f - p = 7. What is the greatest common factor of 33 and f?
3
Suppose 0 = 3*q - 5*x - 13 - 1, 5*x + 28 = -4*q. Let r(i) = 70*i**2 + 2*i - 1. Let j be r(q). What is the highest common divisor of j and 25?
25
Let t = 40 - -5. Suppose 5*h + 83 = 2*o, -7*o + 196 = -3*o - 4*h. Suppose 4*u = -2*u + o. What is the greatest common divisor of t and u?
9
Let n = -60 - -64. Suppose -n*m + 103 = -93. Suppose 0 = j - 0*j - 7. Calculate the highest common factor of j and m.
7
Let b be (12984/60 + -12)*15/6. Calculate the greatest common factor of b and 28.
7
Suppose -3*q - 73 + 205 = 3*v, 3*v - q = 140. Let i be 268/(-14) + 1/7. Let l = v + i. Calculate the highest common factor of l and 189.
27
Suppose -5*h + 10*h = 5*i + 20, -5*h + 20 = 0. Let g be 886/8 - (-21)/(-28). Suppose i = -5*t + 240 + g. Calculate the greatest common divisor of t and 14.
14
Let i be 76 + 9 + -10 + 1. Calculate the greatest common divisor of i and 399.
19
Suppose 36 + 135 = 57*s. What is the highest common factor of 492 and s?
3
Let l be 727/5 + (-5 - 230/(-50)). What is the highest common factor of l and 29?
29
Let a = -421 - -535. Calculate the highest common divisor of 38 and a.
38
Let u(f) = 5*f**2 - 2*f. Let g be u(-2). Let z = g - 4. Suppose b + 1 = 3*n, 5*b - 5*n + 0*n = 25. What is the greatest common factor of z and b?
4
Suppose -3*c + 46 = -2*c. Suppose -4*z + c = 4*g - 10, 14 = g - 4*z. Calculate the greatest common divisor of g and 2.
2
Let p = 1095 - 510. Calculate the greatest common factor of p and 15.
15
Let v be (13 - 7)*(1 + (-13)/(-2)). Calculate the greatest common divisor of v and 25.
5
Let o be (1 - 5) + 595/(-7). Let u = o - -96. Suppose -x = -4*r - 58 + 145, 0 = -5*r - 5*x + 90. Calculate the greatest common divisor of u and r.
7
Suppose -31*j + 34*j - 42 = 0. Calculate the highest common factor of 6 and j.
2
Suppose 36*h - 45*h + 405 = 0. Calculate the greatest common factor of h and 585.
45
Suppose 0 = i + 6*i + 112. Let z be 28/i*-4 - 0. What is the highest common factor of z and 77?
7
Suppose -2*m - 5*w = -400, 6*w = 5*m + w - 1000. Calculate the highest common divisor of 80 and m.
40
Suppose -15 = -6*b + b - 5*j, 5*j - 3 = -b. Let w be (-1 - -13)*(-1)/b. Let m be w - (-38 - 4 - -3). Calculate the highest common divisor of m and 14.
7
Let k be (-280)/(-6)*504/224. What is the highest common factor of 175 and k?
35
Let c be (490/10 - 10)/(6/4). Let i(f) = 79*f**3 - 2*f + 1. Let b be i(1). Calculate the highest common factor of c and b.
26
Let d(g) = -9*g + 4. Let o = -109 - -109. Let k be d(o). Calculate the greatest common factor of 116 and k.
4
Suppose -2*w = -c + 19, -w = -6*c + c + 50. Suppose c*x - 360 = 6*x. What is the greatest common factor of x and 24?
24
Let g = -325 - -335. Suppose -62 = 3*v - 392. Calculate the highest common divisor of g and v.
10
Let n(c) = -c**2 + 21*c + 409. Let w be n(33). Calculate the greatest common factor of 6 and w.
1
Suppose 4*y - 20 = -y. Suppose -4*l = -y*z + 40, -6*z - 3*l - 5 = -4*z. Suppose 4*s + 22 = z*s. What is the greatest common divisor of 198 and s?
22
Let z(u) = u**3 - 6*u**2 + 3*u + 19. Let o be z(5). Let c = 63 - -18. What is the greatest common divisor of c and o?
9
Let m(q) = q - 2. Let o be m(-7). Let g be (-2)/(-3) - 1002/o. What is the greatest common factor of 14 and g?
14
Let r be ((-2)/4)/(-2 + 408/208). What is the greatest common factor of r and 689?
13
Let d be 1*-19 - (-14 + 15). Let q be 2/(-8) + (-385)/d. Suppose -4*i - 3 = 9, 867 = 5*y - 4*i. Calculate the greatest common factor of y and q.
19
Let y(q) = q**3 + 10*q**2 + 3*q + 2. Let m be 1*-5 + (-48)/12. Let o be y(m). Suppose 0 = k - 71 - 13. Calculate the highest common divisor of k and o.
28
Suppose -3*j - 170 = r - 2*r, 3*j + 3*r + 150 = 0. Let s = 82 + j. Let h = s + -17. Calculate the greatest common divisor of h and 10.
10
Let a be 5/(-20) + (-22)/8. Let l be (a - -1)*6/(-6). Suppose -4*s + 104 = l*d - d, -5*d - 2*s + 592 = 0. Calculate the highest common divisor of d and 20.
20
Let x = 10 - -1. Let l be (-3 + 3)/(-3 - -2). Suppose l = -q + 15 + 40. Calculate the highest common divisor of x and q.
11
Let u(q) = -q**2 - q + 58. Let v be u(-7). Calculate the highest common factor of v and 48.
16
Let k = -1923 + 1955. Suppose 0*o + 8 = 2*b + 3*o, -2*o = 4*b - 16. Calculate the greatest common divisor of k and b.
4
Suppose -661 + 53 = 8*f. Let z = f + 91. Calculate the highest common factor of 105 and z.
15
Suppose 5*n + g = -37, 15 = 2*n - 5*n + 3*g. Let t = n + 57. What is the greatest common divisor of 25 and t?
25
Let s be -1*(2/(-1))/(-2). Let r be (-182)/4*s*2. Suppose -4*j + p = -57, -2*p = -5*j - p + 70. What is the greatest common factor of r and j?
13
Let f = 6 - 23. Let b = 29 + f. What is the highest common divisor of b and 4?
4
Let h = -90 + 149. Let w = -31 + h. Suppose z + 3 = 0, 0*z + 82 = 5*q - 4*z. Calculate the greatest common divisor of q and w.
14
Let w(q) = q**2 + q + 2. Let s = -6 + 9. Suppose -2*m + 1 = -b, -b - 2*m + s = -4. Let u be w(b). What is the greatest common divisor of u and 126?
14
Suppose 3*d = 4*d - 5*y - 53, 2*d = 3*y + 106. Let z = d - 14. What is the highest common factor of z and 39?
39
Let p = 826 - 466. What is the greatest common factor of p and 5?
5
Suppose -14*v = -23*v + 162. What is the greatest common factor of v and 12?
6
Let y be ((2 + -18)/2)/(20/(-70)). Let f = y - -42. What is the greatest common divisor of 28 and f?
14
Let a be 0 + 1 + -4 - (-2 + -1). Suppose a = 5*r - 4*r - 28. Calculate the highest common divisor of 42 and r.
14
Suppose 9*t - 4*t = 770. Let u be (88/6)/((-8)/(-12)). Calculate the greatest common divisor of t and u.
22
Suppose 5*x + 140 = -3*i, -7 = 3*x + 5. Let d = i + 64. Let o be ((-11)/((-77)/(-12)))/((-6)/126). What is the highest common factor of d and o?
12
Suppose -c - 4*c = -10. Let q = 39 + -35. Suppose -c*a + q*a = 58. What is the highest common factor of 58 and a?
29
Let k = 1985 - 1941. Calculate the highest common divisor of k and 92.
4
Let g = 170 - 71. Let h = g - 59. What is the greatest common factor of h and 8?
8
Suppose -5*x = g - 2*x - 92, 5*x = 5*g - 540. Suppose -23 + 74 = 3*f - 3*z, -5*f = -4*z - 81. Calculate the greatest common factor of g and f.
13
Suppose 0 = 8*j - 5*j - 18. Calculate the greatest common divisor of 444 and j.
6
Let n(y) = -y**3 - 21*y**2 - 25*y + 4. Let r be n(-20). Calculate the highest common factor of 8 and r.
8
Suppose 8 = 2*l + 4. Let w = l + 160. What is the greatest common factor of w and 18?
18
Let n = 1904 - 879. What is the highest common factor of 41 and n?
41
Let h be (-4 - -1)*88/(-24). Let o = 14 - h. Let q be (20/12 - o)*-15. Calculate the highest common divisor of 20 and q.
20
Suppose -z = -3*r - 57, -6*z + 2*r = -10*z + 298. Calculate the greatest common divisor of 40 and z.
8
Let f = 24 - 21. Let r be -2 + 4 + 33 + f. Let o = r - 26. What is the highest common divisor of 30 and o?
6
Suppose -2*r + 32 = -4*a, 7*a = -2*r + 5*a + 38. Calculate the highest common divisor of 162 and r.
18
Suppose -2*r - 60 = 3*r. Let c = r + 28. Let u be ((-9)/((-297)/(-352)))/(4/(-6)). What is the highest common factor of u and c?
16
Let w = 61 - 59. Suppose -4*k + 12 = 0, -70 = -g - 3*g - w*k. What is the greatest common factor of 48 and g?
16
Suppose 3 = p + d, p + 9*d = 4*d - 5. Suppose -n - 4*y = -14, 0 = -p*n + 2*n + 5*y + 8. What is the greatest common divisor of 12 and n?
6
Let f(h) = -h**3 + 2*h + 3. Let c be f(-2). Suppose -w + 1 = -c. Let m be ((-2)/(-4)*5)/((-6)/(-48)). Calculate the greatest common factor of w and m.
4
Let i = -4126 - -6086. What is the highest common factor of 56 and i?
56
Let w = 44 - 42. Suppose -4*t + 2*j + 618 = 0, -319 = -w*t + 5*j - 2*j. What is the highest common factor of 19 and t?
19
Let r = -183 + 251. Calculate the greatest common divisor of 3332 and r.
68
Suppose 0 = 2*y - 3*t - 42, -2*t = 2*y - 10 - 52. Suppose -l - y = -36. Calculate the greatest common divisor of 6 and l.
3
Let h be 2/(-9) - (-660)/54. Suppose 4 = 4*b - h. Suppose 228 = b*w - 5*q, -17 = -3*q - 5. What is the greatest common factor of 